{"id":1937,"date":"2026-08-15T23:07:37","date_gmt":"2026-08-15T20:07:37","guid":{"rendered":"https:\/\/madlienasvidusskola.lv\/mengele\/stundu-laiki\/"},"modified":"2026-08-16T11:06:22","modified_gmt":"2026-08-16T08:06:22","slug":"stundu-laiki","status":"publish","type":"page","link":"https:\/\/www.madlienasvidusskola.lv\/mengele\/stundu-laiki\/","title":{"rendered":"Stundu laiki"},"content":{"rendered":"<p>M\u0101c\u012bbu stundu laiki 2026.\/2027. m\u0101c\u012bbu gadam tiks preciz\u0113ti, tikl\u012bdz tie b\u016bs apstiprin\u0101ti.<\/p>\n<table>\n<tr>\n<th scope=\"col\" style=\"padding:12px 16px\"><span>M\u0101c\u012bbu stunda<\/span><\/th>\n<th scope=\"col\" style=\"padding:12px 16px\"><span>Laiks no<\/span><\/th>\n<th scope=\"col\" style=\"padding:12px 16px\"><span>Laiks l\u012bdz<\/span><\/th>\n<th scope=\"col\" style=\"padding:12px 16px\"><span>Piez\u012bmes<\/span><\/th>\n<\/tr>\n<tr>\n<td><span>1. stunda<\/span><\/td>\n<td><span>&nbsp;<\/span><\/td>\n<td><span>&nbsp;<\/span><\/td>\n<td><span>&nbsp;<\/span><\/td>\n<\/tr>\n<tr>\n<td><span>2. stunda<\/span><\/td>\n<td><span>&nbsp;<\/span><\/td>\n<td><span>&nbsp;<\/span><\/td>\n<td><span>&nbsp;<\/span><\/td>\n<\/tr>\n<tr>\n<td><span>3. stunda<\/span><\/td>\n<td><span>&nbsp;<\/span><\/td>\n<td><span>&nbsp;<\/span><\/td>\n<td><span>&nbsp;<\/span><\/td>\n<\/tr>\n<tr>\n<td><span>4. stunda<\/span><\/td>\n<td><span>&nbsp;<\/span><\/td>\n<td><span>&nbsp;<\/span><\/td>\n<td><span>&nbsp;<\/span><\/td>\n<\/tr>\n<tr>\n<td><span>5. stunda<\/span><\/td>\n<td><span>&nbsp;<\/span><\/td>\n<td><span>&nbsp;<\/span><\/td>\n<td><span>&nbsp;<\/span><\/td>\n<\/tr>\n<tr>\n<td><span>6. stunda<\/span><\/td>\n<td><span>&nbsp;<\/span><\/td>\n<td><span>&nbsp;<\/span><\/td>\n<td><span>&nbsp;<\/span><\/td>\n<\/tr>\n<tr>\n<td><span>7. stunda<\/span><\/td>\n<td><span>&nbsp;<\/span><\/td>\n<td><span>&nbsp;<\/span><\/td>\n<td><span>&nbsp;<\/span><\/td>\n<\/tr>\n<tr>\n<td><span>8. stunda<\/span><\/td>\n<td><span>&nbsp;<\/span><\/td>\n<td><span>&nbsp;<\/span><\/td>\n<td><span>&nbsp;<\/span><\/td>\n<\/tr>\n<\/table>\n<p>Jaut\u0101jumu gad\u012bjum\u0101 zvaniet <strong>65029169<\/strong> vai rakstiet <strong>mengelessk@ogresnovads.lv<\/strong>.<\/p>\n<p style=\"font-size:0.85em;opacity:0.7\">Att\u0113ls: 14GTR, <a href=\"https:\/\/commons.wikimedia.org\/wiki\/File:Wall_clock_by_Finn_Juhl,_V%26A_London.jpg\" target=\"_blank\" rel=\"noopener\">Wikimedia Commons<\/a>, CC0<\/p>\n","protected":false},"excerpt":{"rendered":"<p>M\u0101c\u012bbu stundu laiki 2026.\/2027. m\u0101c\u012bbu gadam tiks preciz\u0113ti, tikl\u012bdz tie b\u016bs apstiprin\u0101ti. M\u0101c\u012bbu stunda Laiks no Laiks l\u012bdz Piez\u012bmes 1. stunda &nbsp; &nbsp; &nbsp; 2. stunda &nbsp; &nbsp; &nbsp; 3. stunda &nbsp; &nbsp; &nbsp; 4. stunda &nbsp; &nbsp; &nbsp; 5. stunda &nbsp; &nbsp; &nbsp; 6. stunda &nbsp; &nbsp; &nbsp; 7. stunda &nbsp; &nbsp; &nbsp; 8. [&hellip;]<\/p>\n","protected":false},"author":10,"featured_media":1956,"parent":0,"menu_order":0,"comment_status":"closed","ping_status":"closed","template":"","meta":{"_acf_changed":false,"footnotes":""},"class_list":["post-1937","page","type-page","status-publish","has-post-thumbnail","hentry"],"acf":[],"_links":{"self":[{"href":"https:\/\/www.madlienasvidusskola.lv\/mengele\/wp-json\/wp\/v2\/pages\/1937","targetHints":{"allow":["GET"]}}],"collection":[{"href":"https:\/\/www.madlienasvidusskola.lv\/mengele\/wp-json\/wp\/v2\/pages"}],"about":[{"href":"https:\/\/www.madlienasvidusskola.lv\/mengele\/wp-json\/wp\/v2\/types\/page"}],"author":[{"embeddable":true,"href":"https:\/\/www.madlienasvidusskola.lv\/mengele\/wp-json\/wp\/v2\/users\/10"}],"replies":[{"embeddable":true,"href":"https:\/\/www.madlienasvidusskola.lv\/mengele\/wp-json\/wp\/v2\/comments?post=1937"}],"version-history":[{"count":1,"href":"https:\/\/www.madlienasvidusskola.lv\/mengele\/wp-json\/wp\/v2\/pages\/1937\/revisions"}],"predecessor-version":[{"id":1961,"href":"https:\/\/www.madlienasvidusskola.lv\/mengele\/wp-json\/wp\/v2\/pages\/1937\/revisions\/1961"}],"wp:featuredmedia":[{"embeddable":true,"href":"https:\/\/www.madlienasvidusskola.lv\/mengele\/wp-json\/wp\/v2\/media\/1956"}],"wp:attachment":[{"href":"https:\/\/www.madlienasvidusskola.lv\/mengele\/wp-json\/wp\/v2\/media?parent=1937"}],"curies":[{"name":"wp","href":"https:\/\/api.w.org\/{rel}","templated":true}]}}

<p>Mācību stundu laiki 2026./2027. mācību gadam tiks precizēti, tiklīdz tie būs apstiprināti.</p>
<table>
<tr>
<th scope="col" style="padding:12px 16px"><span>Mācību stunda</span></th>
<th scope="col" style="padding:12px 16px"><span>Laiks no</span></th>
<th scope="col" style="padding:12px 16px"><span>Laiks līdz</span></th>
<th scope="col" style="padding:12px 16px"><span>Piezīmes</span></th>
</tr>
<tr>
<td><span>1. stunda</span></td>
<td><span>&nbsp;</span></td>
<td><span>&nbsp;</span></td>
<td><span>&nbsp;</span></td>
</tr>
<tr>
<td><span>2. stunda</span></td>
<td><span>&nbsp;</span></td>
<td><span>&nbsp;</span></td>
<td><span>&nbsp;</span></td>
</tr>
<tr>
<td><span>3. stunda</span></td>
<td><span>&nbsp;</span></td>
<td><span>&nbsp;</span></td>
<td><span>&nbsp;</span></td>
</tr>
<tr>
<td><span>4. stunda</span></td>
<td><span>&nbsp;</span></td>
<td><span>&nbsp;</span></td>
<td><span>&nbsp;</span></td>
</tr>
<tr>
<td><span>5. stunda</span></td>
<td><span>&nbsp;</span></td>
<td><span>&nbsp;</span></td>
<td><span>&nbsp;</span></td>
</tr>
<tr>
<td><span>6. stunda</span></td>
<td><span>&nbsp;</span></td>
<td><span>&nbsp;</span></td>
<td><span>&nbsp;</span></td>
</tr>
<tr>
<td><span>7. stunda</span></td>
<td><span>&nbsp;</span></td>
<td><span>&nbsp;</span></td>
<td><span>&nbsp;</span></td>
</tr>
<tr>
<td><span>8. stunda</span></td>
<td><span>&nbsp;</span></td>
<td><span>&nbsp;</span></td>
<td><span>&nbsp;</span></td>
</tr>
</table>
<p>Jautājumu gadījumā zvaniet <strong>65029169</strong> vai rakstiet <strong>mengelessk@ogresnovads.lv</strong>.</p>
<p style="font-size:0.85em;opacity:0.7">Attēls: 14GTR, <a href="https://commons.wikimedia.org/wiki/File:Wall_clock_by_Finn_Juhl,_V%26A_London.jpg" target="_blank" rel="noopener">Wikimedia Commons</a>, CC0</p>

<p>Mācību stundu laiki 2026./2027. mācību gadam tiks precizēti, tiklīdz tie būs apstiprināti. Mācību stunda Laiks no Laiks līdz Piezīmes 1. stunda &nbsp; &nbsp; &nbsp; 2. stunda &nbsp; &nbsp; &nbsp; 3. stunda &nbsp; &nbsp; &nbsp; 4. stunda &nbsp; &nbsp; &nbsp; 5. stunda &nbsp; &nbsp; &nbsp; 6. stunda &nbsp; &nbsp; &nbsp; 7. stunda &nbsp; &nbsp; &nbsp; 8. [&hellip;]</p>
